{"id":227,"date":"2015-02-18T14:59:09","date_gmt":"2015-02-18T12:59:09","guid":{"rendered":"http:\/\/www.tu-chemnitz.de\/wirtschaft\/summerschool\/?page_id=227"},"modified":"2016-09-02T14:04:49","modified_gmt":"2016-09-02T12:04:49","slug":"8-aae-winter-school-on-intercultural-perspectives-on-organisational-leadership-and-challenges-of-equalisation-and-empowerment-in-south-africa-at-the-university-of-the-witwatersrand","status":"publish","type":"page","link":"https:\/\/www.tu-chemnitz.de\/wirtschaft\/summerschool\/?page_id=227","title":{"rendered":"8. AAE Winter School on \u201cResponsible management and educational practices towards creating sustainable business and government\u201d"},"content":{"rendered":"<p>22th of\u00a0September\u00a0&#8211; 1st\u00a0October,\u00a0 2014<\/p>\n<p>The 8th AAE Summer School 2014 took place in Johannesburg, South Africa as a joint event. Students from the University of Technology in Chemnitz (DEU), the University of KwaZulu-Natal in Durban (ZAF) and the University of the Witwatersrand in Johannesburg (ZAF) attended lectures about diverse topics like the UN-initiative \u201cPrinciples of Responsible Management Education\u201d, critical management studies, the implementation of minimum wages in South Africa and the status quo, future and implications of electromobility. In addition the student attendees presented their own current research and discussed it.<br \/>\nThe students got in touch with the South African Culture, when they f.e. interviewed merchants on a formal and an informal market about their life and business or attended a tour to the places were Nelson Mandela lived and worked. Experiencing the South African wildlife was also part of the 2014 Summer School.<\/p>\n<p>Article by Julia Bre\u00dfler:<\/p>\n<p>Vom 22. September bis 2. Oktober 2014 findet die diesj\u00e4hrige American-African-European Summer School organisiert von der University of KwaZulu-Natal und der University of the Witwatersrand in Johannesburg statt. Nachdem im Sommer 2013 Studierende und Wissenschaftler aus S\u00fcdafrika in Chemnitz zu Besuch waren, nehmen nun Chemnitzer Studierende der Fakult\u00e4t f\u00fcr Wirtschaftswissenschaften, der Philosophischen Fakult\u00e4t und der Fakult\u00e4t f\u00fcr Naturwissenschaften an der Veranstaltung teil. Gemeinsam setzen sie sich mit dem Thema \u201cNachhaltigkeit und Vertrauen in Organisationen\u201d auseinander.<\/p>\n<p>Entsprechend des kultur- und kommunikationswissenschaftlichen Schwerpunktes der Summer School stehen neben dem Besuch von Seminaren und der eigenst\u00e4ndigen Arbeit an Projekten auch das gemeinsame Erfahren und Erleben der lokalen und regionalen Kultur, Wirtschaft und Wissenschaft im Vordergrund. Hierbei lernen die teilnehmenden Studierenden nicht nur die s\u00fcdafrikanische Lebensweise kennen, sie fangen auch die Kultur der Stadt Johannesburg ein. Zus\u00e4tzlich werden durch Besuche der st\u00e4dtischen Museen, des Pilanesburg National Park sowie bei einer Exkursion nach Pretoria weitere Einblicke in die Kultur und Sozialstruktur gew\u00e4hrt.<\/p>\n<p>Den H\u00f6hepunkt der diesj\u00e4hrigen Summer School bilden Pr\u00e4sentationen vor einem internationalen Publikum. W\u00e4hrend eines Vorbereitungsworkshops im August haben die Chemnitzer Studierende hierbei \u00fcber die historischen Wurzeln des Nachhaltigkeitskonzeptes aus Sachsen mit Dr. Dieter F\u00fcsslein, Vorstand der s\u00e4chsischen Hans-Carl-von-Carlowitz-Gesellschaft, die Nachhaltigkeit des Chemnitzer TU-Campus mit Sebastian K\u00f6del, Vertreter des Referats \u00d6kologie und Nachhaltigkeit des Studentenrates der TU, sowie wissenschaftliche Modelle zur Nachhaltigkeit mit Dr. Martin Albert, wissenschaftlicher Mitarbeiter der Professur f\u00fcr Innovationsforschung der TU, diskutiert. Diese Ergebnisse stellen sie nun in S\u00fcdafrika vor.<\/p>\n<p>Um die Eindr\u00fccke und Erfahrungen festzuhalten und daheimgebliebenen Studierenden einen Einblick in die Summer School zu erm\u00f6glichen, wird auf der Homepage der AAE Summer Schools in den kommenden Wochen ein Erfahrungsbericht zur Verf\u00fcgung gestellt.<\/p>\n<p>Die Veranstaltung wird von deutscher Seite von der Fakult\u00e4t f\u00fcr Wirtschaftswissenschaften ausgerichtet, von der Professur f\u00fcr Innovationsforschung organisiert und von der Chemnitzer Wirtschaftswissenschaftlichen Gesellschaft e. V. (CWG) gef\u00f6rdert. Die Chemnitzer Studierenden werden von Julien Bucher und Marius Grathwohl begleitet.<\/p>\n","protected":false},"excerpt":{"rendered":"<p>22th of\u00a0September\u00a0&#8211; 1st\u00a0October,\u00a0 2014 The 8th AAE Summer School 2014 took place in Johannesburg, South Africa as a joint event. Students from the University of Technology in Chemnitz (DEU), the University of KwaZulu-Natal in Durban (ZAF) and the University of the Witwatersrand in Johannesburg (ZAF) attended lectures about diverse topics like the UN-initiative \u201cPrinciples of [&hellip;]<\/p>\n","protected":false},"author":4,"featured_media":0,"parent":419,"menu_order":0,"comment_status":"closed","ping_status":"closed","template":"","meta":{"footnotes":""},"class_list":["post-227","page","type-page","status-publish","hentry"],"_links":{"self":[{"href":"https:\/\/www.tu-chemnitz.de\/wirtschaft\/summerschool\/index.php?rest_route=\/wp\/v2\/pages\/227"}],"collection":[{"href":"https:\/\/www.tu-chemnitz.de\/wirtschaft\/summerschool\/index.php?rest_route=\/wp\/v2\/pages"}],"about":[{"href":"https:\/\/www.tu-chemnitz.de\/wirtschaft\/summerschool\/index.php?rest_route=\/wp\/v2\/types\/page"}],"author":[{"embeddable":true,"href":"https:\/\/www.tu-chemnitz.de\/wirtschaft\/summerschool\/index.php?rest_route=\/wp\/v2\/users\/4"}],"replies":[{"embeddable":true,"href":"https:\/\/www.tu-chemnitz.de\/wirtschaft\/summerschool\/index.php?rest_route=%2Fwp%2Fv2%2Fcomments&post=227"}],"version-history":[{"count":4,"href":"https:\/\/www.tu-chemnitz.de\/wirtschaft\/summerschool\/index.php?rest_route=\/wp\/v2\/pages\/227\/revisions"}],"predecessor-version":[{"id":231,"href":"https:\/\/www.tu-chemnitz.de\/wirtschaft\/summerschool\/index.php?rest_route=\/wp\/v2\/pages\/227\/revisions\/231"}],"up":[{"embeddable":true,"href":"https:\/\/www.tu-chemnitz.de\/wirtschaft\/summerschool\/index.php?rest_route=\/wp\/v2\/pages\/419"}],"wp:attachment":[{"href":"https:\/\/www.tu-chemnitz.de\/wirtschaft\/summerschool\/index.php?rest_route=%2Fwp%2Fv2%2Fmedia&parent=227"}],"curies":[{"name":"wp","href":"https:\/\/api.w.org\/{rel}","templated":true}]}}