{"id":1096,"date":"2023-10-01T12:22:58","date_gmt":"2023-10-01T10:22:58","guid":{"rendered":"https:\/\/www.tu-chemnitz.de\/wirtschaft\/summerschool\/?page_id=1096"},"modified":"2024-05-15T23:23:55","modified_gmt":"2024-05-15T21:23:55","slug":"reports-3","status":"publish","type":"page","link":"https:\/\/www.tu-chemnitz.de\/wirtschaft\/summerschool\/?page_id=1096","title":{"rendered":"Reports"},"content":{"rendered":"<h2>University Reports<\/h2>\n<ul>\n<li><a href=\"https:\/\/ndabaonline.ukzn.ac.za\/UkzndabaStory\/Vol11-Issue52\/UKZN%20Hosts%20Successful%20International%20AAE%20Summer%20Winter%20School%20and%20ARTEM%20OCC%20Symposium\">UKZN Hosts Successful International AAE Summer\/Winter School and ARTEM OCC Symposium<\/a><\/li>\n<li><a href=\"https:\/\/www.tu-chemnitz.de\/wirtschaft\/bwl9\/aae-summerschool.org\/AAE23_Report.pdf\">15. AAE Summer\/Winter School und ARTEM Symposium: Gemeinsam voneinander Lernen \u2013 ganzheitliche und integrative Ans\u00e4tze f\u00fcr Kreativit\u00e4t, Innovation und nachhaltige Entwicklung<\/a><\/li>\n<\/ul>\n","protected":false},"excerpt":{"rendered":"<p>University Reports UKZN Hosts Successful International AAE Summer\/Winter School and ARTEM OCC Symposium 15. AAE Summer\/Winter School und ARTEM Symposium: Gemeinsam voneinander Lernen \u2013 ganzheitliche und integrative Ans\u00e4tze f\u00fcr Kreativit\u00e4t, Innovation und nachhaltige Entwicklung<\/p>\n","protected":false},"author":13,"featured_media":0,"parent":0,"menu_order":0,"comment_status":"closed","ping_status":"closed","template":"","meta":{"footnotes":""},"class_list":["post-1096","page","type-page","status-publish","hentry"],"_links":{"self":[{"href":"https:\/\/www.tu-chemnitz.de\/wirtschaft\/summerschool\/index.php?rest_route=\/wp\/v2\/pages\/1096"}],"collection":[{"href":"https:\/\/www.tu-chemnitz.de\/wirtschaft\/summerschool\/index.php?rest_route=\/wp\/v2\/pages"}],"about":[{"href":"https:\/\/www.tu-chemnitz.de\/wirtschaft\/summerschool\/index.php?rest_route=\/wp\/v2\/types\/page"}],"author":[{"embeddable":true,"href":"https:\/\/www.tu-chemnitz.de\/wirtschaft\/summerschool\/index.php?rest_route=\/wp\/v2\/users\/13"}],"replies":[{"embeddable":true,"href":"https:\/\/www.tu-chemnitz.de\/wirtschaft\/summerschool\/index.php?rest_route=%2Fwp%2Fv2%2Fcomments&post=1096"}],"version-history":[{"count":3,"href":"https:\/\/www.tu-chemnitz.de\/wirtschaft\/summerschool\/index.php?rest_route=\/wp\/v2\/pages\/1096\/revisions"}],"predecessor-version":[{"id":1127,"href":"https:\/\/www.tu-chemnitz.de\/wirtschaft\/summerschool\/index.php?rest_route=\/wp\/v2\/pages\/1096\/revisions\/1127"}],"wp:attachment":[{"href":"https:\/\/www.tu-chemnitz.de\/wirtschaft\/summerschool\/index.php?rest_route=%2Fwp%2Fv2%2Fmedia&parent=1096"}],"curies":[{"name":"wp","href":"https:\/\/api.w.org\/{rel}","templated":true}]}}